5 - 11))
36
(-18 - -19 - -61) + (8 - 16 - -22)
76
What is -36 + -28 + 48 + -18 + (-1 - 2)?
-37
(-123 - 2) + -6380 + 6370
-135
(-4 - -17 - 11 - 22) + -4 + -4
-28
What is 17 + -67 + (26 - 6)?
-30
Evaluate (-50 - (-75 - -52)) + -8.
-35
-11 - ((-7 - (-10 + (-10 + 12 - -6))) + -22)
16
What is 34 + -29 + 6 + 2 + -5 + -1?
7
Calculate -231 + 95 + 57 - 24.
-103
What is 12 + 22 + 90 + -39 - -1?
86
What is 6 + -4 + ((14 - -7 - 2) + 6 - 6)?
21
What is the value of -64 + (-20 - -26) - 58?
-116
What is the value of -16 + (0 - (15 + -5 + -18)) - (-1 - 7)?
0
What is the value of -11 + (43 - 27 - (-1 - 1) - 14)?
-7
What is the value of (-8 - (-38 - (-23 - 1))) + -5?
1
-24 + 16 - (-3 + -1 + -64 + 59)
1
Calculate (133 - (-4 - -5)) + 288 + -328.
92
Calculate -29 + -53 + 37 - -110.
65
Evaluate -18 - ((-111 - -31) + -25 - (-4 - 15)).
68
Calculate -7 - ((29 - 36) + 1 + (5 - (1 - -108))).
103
-203 + 46 - -69 - -23
-65
-92 + (40 - 6 - 19) + 7
-70
What is 28 - (154 - (53 - 25)) - -4?
-94
Evaluate 1 - (104 + -32 + -50).
-21
Evaluate -22 - -35 - (0 - (2 - (-9 - -35))).
-11
What is the value of (-13 + 3 + 13 + 11 - 2) + 20?
32
187 - 143 - (10 + -3)
37
Evaluate -20 - (4 - 40 - -38).
-22
-66 - (-135 + (-12 - -17))
64
Evaluate (-22 - (-98 - -127)) + -20.
-71
What is the value of -26 + (0 - (-3 + -73))?
50
Calculate ((-42 - -40) + -2 + -3 - (-11 + -1)) + -7.
-2
Calculate 69 + (-76 - -9) + -1 + 35.
36
-66 + (-216 - -124) + 190
32
-21 - ((15 - (30 + -17)) + 13)
-36
What is the value of (37 - (1 + (1 - 3))) + (24 - (-49 - -79))?
32
What is the value of -68 - (49 + (-41 - 25))?
-51
(-66 - (-46 - -140)) + 296
136
What is the value of (-43 - -82) + -50 - ((0 - 5) + (35 - 1))?
-40
-6 + (10 - (10 - 18)) - (3 + -57)
66
Calculate 81 - 31 - (17 + (-1 - 5)).
39
-1 + 5 + 8 + -2 - (85 + -26)
-49
What is -36 - ((48 - 84) + 5)?
-5
Evaluate 40 + (-99 - -45) + 4.
-10
What is the value of 84 - ((53 - 14) + -4)?
49
Calculate (-291 - -194) + 80 - (1 + 1 + -68).
49
Evaluate -60 - -1 - (-11270 - -11205).
6
-5 + 2 - 3 - (-966 + 956)
4
Evaluate -75 + 3 + 5 + 0 - (3 + 1 + -12).
-59
What is (5 - (-27 - 4)) + -4 + (-9 - 3) + 9?
29
What is 12 + (-1 + -4 - -1) + -275 + 264?
-3
Calculate 4 - 3 - -13 - (15 - (-28 + 53)).
24
What is the value of -1 + -5 - (72 + -114 - (0 - 46))?
-10
What is (-40 - (-169 - -15)) + -14?
100
Calculate -4296 + 4351 - (-24 - 3).
82
Evaluate (2 - 8 - (2 - 1)) + -52.
-59
What is the value of (-100 - (-27 + -40)) + (-2 - 27)?
-62
What is 1779 + -1649 + -176 + -1?
-47
Calculate -17 + 1 + (-10 - 1 - (5294 - 5301)).
-20
53 + (-20 + 1 - (0 - (-5 + 17)))
46
Evaluate (1 - (2 + -2) - 13 - (-2572 + 2561)) + -54.
-55
Calculate 12 - 5 - -14 - (10 - -37).
-26
What is (587 - 584) + (2 - (-4 - (4 + -6)))?
7
Evaluate -1 + -9 - ((-78 - 7) + 62).
13
27 + 2 + 3 + -5 + (23 - (34 - 14))
30
What is the value of (-57 - (-56 - -3) - (22 + 0)) + 15?
-11
Calculate 87 + -96 + (29 - 52).
-32
What is the value of 72 - -2 - (83 + -257 + 150)?
98
Calculate -7 - ((-22 - -29) + -80) - (-12 + (-2 - 0)).
80
Calculate 143 - 99 - (23 + 10).
11
What is 9 + (0 + -34 - (-11 + 23 + 3))?
-40
What is the value of -4 + (-21 - 4 - -3 - 14)?
-40
What is 1 - 10 - (5 + 1 + 12 + 0 + -44)?
17
Calculate 3 + (13 - 3) - (7 + -2) - (28 + 3).
-23
Evaluate -6638 + 6804 + 1 + -99.
68
What is the value of -40 + -11 + -23 + 202 - 30?
98
What is -3 + (4 - 2) + (-96 - 71 - -108)?
-60
Evaluate (-15 - (-11 - -7)) + (-9 - 4).
-24
18 + 3 - (14 + -1 + 48)
-40
-3 + (-9 - -10) + -14 - -10 - (-2 - -2)
-6
-59 + 32 + (56 - 54)
-25
What is the value of 8 - (63 - (5 - 8)) - (22 + -14)?
-66
What is -15 - (-4 + (-14 - -4) + -1) - (-50 + -1)?
51
Evaluate (14 - 68) + -43 - -80.
-17
-58 + -2 + (7 - (3 + -2 + 1)) + -6
-61
What is 39 + -55 + 24 - (-29 + -1)?
38
Evaluate (1 - -14) + -103 + -10 + 18 + -4.
-84
-16 + -27 + -12 - ((-10 - -27) + -21)
-51
Calculate 6 + 15 + -8 + -34 + 3 + -1.
-19
Evaluate 56 + 2 + (326 - 367).
17
What is 45 - (-16 + (-5 - (-1 - 3) - (-43 + 27)))?
46
Calculate 71 - (37 + -12 - -4).
42
Calculate -6 - (36 - 1) - (8 - 11 - -16).
-54
What is the value of 14 - 66 - (-206 - -158)?
-4
(35 - 58 - -55) + -29
3
What is (-1 - 9) + 16339 + -16293?
36
Evaluate -17 + (-5 - -41) - -5.
24
Evaluate 0 - 2 - 0 - (-40 + -14 + 49 - -74).
-71
Evaluate -32 + (-30 - -71) + -60.
-51
(26 - 0) + -26 + 0 + 58 + -26
32
What is the value of -44 - (3 + -1 + (24 - 36))?
-34
(-5 - -3) + (-4 - (-11 + 23)) + 6 + 51
39
Evaluate -47 + (41 - 1) + -4 - (0 + 1 - -38).
-50
-14 - 67 - -27 - (1 - 14)
-41
What is 3 - -9 - (-538 + 525 + -1 + 21)?
5
Calculate -13 - (-1 - (-6 + (-1 - (-6 + 16)))).
-29
Calculate -6710 + 6596 + (35 - 3).
-82
Calculate -2 + 4 + 2 + (-9 - -3) + 6 - 53.
-49
What is 1291 + -1301 - (-3 - -2 - 4 - 2)?
-3
Calculate -16 + (-41 + 17 - (-17 + (-10 - -8))).
-21
What is the value of (-4 - -1) + -52 + -16 + 4 + 30?
-37
What is the value of 63 - ((-5 - 24) + 13) - (2 + 5)?
72
(3 - (-2 - 52)) + (39 - (16 + 6 + 15))
59
(41 - 36) + 1 + -3 + -15 + 115 + -164
-61
Calculate 36 + -156 + (32 + -26 - -11).
-103
Calculate 4 + -30 + 7 + -9 + 9.
-19
What is the value of 53 + -116 - -1 - -43?
-19
What is (-3 + 1 - 12) + 354 + -310 + -58?
-28
What is -59 + -3 + 2031 + -1900?
69
What is -55 + 38 - (-2 - 2 - (3 + 1 + 1))?
-8
What is 5 + -28 + 172 + -154 - (0 - -25)?
-30
Evaluate (44 - 100) + 32 - 14.
-38
Evaluate (4 - 15) + 7 + (20 - 42 - -9).
-17
What is -60 + -4 - -3 - (-7 - (13 + -7 + -12))?
-60
What is the value of (4 + 4 - 16 - -9) + 1?
2
Calculate -53 + ((6 - 1) + 4 - 5).
-49
What is the value of 10 - ((8 + -18 - 10) + -11)?
41
Evaluate (-66 + -74 - -170) + -85 + -3.
-58
Calculate 8 - (-5 - -2 - (1 - -8 - -42)).
62
What is the value of 69 - (-37 + 39 + 30 - 12)?
49
Evaluate 10 + -4 + (-6 - (-1 + -4)) + -41.
-36
Calculate 5453 + -5453 + 0 + -8 + 1 + 0.
-7
-71 + -4 - (-175 - -105)
-5
Evaluate 25 - (39 - (-6 + (-7 - 10))).
-37
-7 + (0 + 92 - (31 + 1 + 22 + -44))
75
Evaluate 123 + (-329 - -94) - 15.
-127
Evaluate (115 - 73) + -188 - -95.
-51
Evaluate (340 + -315 - (11 + 0)) + (29 - -28).
71
What is the value of (1 - -17) + 136 + -147?
7
What is -3 + (43 - 43) + -22?
-25
Calculate (-29 - -13) + 6 + 8 + 5.
3
What is (-6 - -3) + 49 + (22 - (9 + 3 - -4))?
52
What is the value of -7 - ((-6 - -23) + -25 + -48)?
49
Calculate 1 + -4 + (5 - 9) - (2 + 0) - -47.
38
What is 52 + (-30 - 53) + 21?
-10
(490 - 456) + 10 + 8 + -9
43
What is the value of 1 + 5 - (-71 - -50 - (-22 + 6))?
11
Calculate 13 - (3 + 6 + 15) - -5.
-6
What is 82 + (79 - (-36 - -119))?
78
What is the value of (-46 - -22) + 25 + 3 + (-7 - -1) + 66?
64
What is the value of 510 + -516 - (23 + 3)?
-32
Evaluate (1 - (-30 + 7 + -2)) + 21.
47
What is the value of -16 + -5 + (-14 + 10 + -4 - -7 - -9)?
-13
Calculate -5 + -8 + 281 + -248.
20
What is 115 + (-91 - (-109 - -69))?
64
What is the value of -9 + (-75 - (-57 - 31) - (4 - 0))?
0
Evaluate (-4 - 3 - ((0 - 4) + -2)) + (33 - 28).
4
Evaluate (-30 - -118) + (-4 + 0 - (148 + -136)).
72
Calculate 135 - 71 - 55 - (85 + 0) - 1.
-77
-25 + 95 + -25 + -83
-38
Calculate 18 + (-80 + 134 - 84) + (-17 - -1).
-28
Evaluate 46 - (23 + 15 + -45 + 40).
13
Evaluate (1 - 31 - ((-5 - 2) + 9)) + (1 - 2).
-33
What is (32 - (-30 + 98)) + -35 - 14?
-85
-1 - (7 - 7 - -8) - (4 + -2)
-11
Evaluate 4 + -1 + 2 - (73 + -38 - 48).
18
What is the value of -51 - (25 - 51) - ((-15 - -11) + -8)?
-13
Evaluate (-8 - 4) + -4 - (0 - 4 - -3).
-15
Evaluate 7 - (40 - 20) - (-33 + 122).
-102
Calculate 91 - ((-4 + 32 - 42) + 23).
82
Evaluate -1 - (8 - (-2 - (-5 - 25))).
19
What is 450 + -467 + (-1 - 55) + -11?
-84
What is the value of -19 + (-143 - 43) + 30 - (4 + -27)?
-152
What is the value of 14 + -13 + -1 + -35 + 119 + -122?
-38
What is 68 + -1 + 876 + -896?
47
Calculate -5 + (14 - 66) - (-2 + 7 + -3 + -3).
-56
Calculate -17 + 1 - (107 + -77 + -43).
-3
Evaluate 143 - (59 + 148 + -99).
35
What is (-99 - (-33 + -2)) + (-41 - -18)?
-87
What is the value of 21 - (9 + 27) - (-13 + -3)?
1
Calculate 48 + 6 + 5 + -2 + -7 + 2 - -4.
56
What is the value of 13 + -1 + 13 + (-70 - -58) - 48?
-35
-9 + 69 + 13 + (-36 - (-19 - -6))
50
Evaluate (-47 - 9) + (-295 - -326).
-25
Evaluate -8 + -12 + 17 + 8 + -10 + 1.
-4
-6 - -17 - (37 - (-25 - -4))
-47
(274 - 88 - 112) + 9
83
2 + -139 + -5 + -62 + 7 + 80
-117
7 + 3 + 0 + (101 + -53 -